{"id":405,"date":"2020-05-08T10:35:52","date_gmt":"2020-05-08T13:35:52","guid":{"rendered":"http:\/\/emehermanos.com.ar\/tienda\/product\/aktivo-granos-y-cereales-x-3-kg\/"},"modified":"2023-05-18T13:37:39","modified_gmt":"2023-05-18T16:37:39","slug":"aktivo-granos-y-cereales-x-3-kg","status":"publish","type":"product","link":"https:\/\/emehermanos.com.ar\/tienda\/product\/aktivo-granos-y-cereales-x-3-kg\/","title":{"rendered":"Aktivo (Granos y Cereales) CALSA  3 kg"},"content":{"rendered":"<p>Aktivo (Granos y Cereales) CALSA 3 kg<\/p>\n","protected":false},"excerpt":{"rendered":"<p>Contiene semillas de lino, s\u00e9samo y girasol. producto artesanal que otorga balance de prote\u00ednas necesario para tener energ\u00eda y vitalidad todos los d\u00edas.<br \/>\nSe elabora de manera directa otorgando la oportunidad de tener gran variedad de productos, piezas individuales, apetitosas y sanas.<\/p>\n","protected":false},"featured_media":5602,"template":"","meta":[],"product_brand":[],"product_cat":[181],"product_tag":[],"class_list":{"0":"post-405","1":"product","2":"type-product","3":"status-publish","4":"has-post-thumbnail","6":"product_cat-bakery-premezclas-calsa","8":"first","9":"instock","10":"shipping-taxable","11":"product-type-simple"},"jetpack_sharing_enabled":true,"_links":{"self":[{"href":"https:\/\/emehermanos.com.ar\/tienda\/wp-json\/wp\/v2\/product\/405","targetHints":{"allow":["GET"]}}],"collection":[{"href":"https:\/\/emehermanos.com.ar\/tienda\/wp-json\/wp\/v2\/product"}],"about":[{"href":"https:\/\/emehermanos.com.ar\/tienda\/wp-json\/wp\/v2\/types\/product"}],"wp:featuredmedia":[{"embeddable":true,"href":"https:\/\/emehermanos.com.ar\/tienda\/wp-json\/wp\/v2\/media\/5602"}],"wp:attachment":[{"href":"https:\/\/emehermanos.com.ar\/tienda\/wp-json\/wp\/v2\/media?parent=405"}],"wp:term":[{"taxonomy":"product_brand","embeddable":true,"href":"https:\/\/emehermanos.com.ar\/tienda\/wp-json\/wp\/v2\/product_brand?post=405"},{"taxonomy":"product_cat","embeddable":true,"href":"https:\/\/emehermanos.com.ar\/tienda\/wp-json\/wp\/v2\/product_cat?post=405"},{"taxonomy":"product_tag","embeddable":true,"href":"https:\/\/emehermanos.com.ar\/tienda\/wp-json\/wp\/v2\/product_tag?post=405"}],"curies":[{"name":"wp","href":"https:\/\/api.w.org\/{rel}","templated":true}]}}

<p>Contiene semillas de lino, sésamo y girasol. producto artesanal que otorga balance de proteínas necesario para tener energía y vitalidad todos los días.<br />
Se elabora de manera directa otorgando la oportunidad de tener gran variedad de productos, piezas individuales, apetitosas y sanas.</p>
