{"id":236,"date":"2020-05-08T10:33:05","date_gmt":"2020-05-08T13:33:05","guid":{"rendered":"http:\/\/emehermanos.com.ar\/tienda\/product\/pastelera-en-frio-ledevit-x-250-grs\/"},"modified":"2024-01-26T11:09:09","modified_gmt":"2024-01-26T14:09:09","slug":"pastelera-en-frio-ledevit-x-250-grs","status":"publish","type":"product","link":"https:\/\/emehermanos.com.ar\/tienda\/product\/pastelera-en-frio-ledevit-x-250-grs\/","title":{"rendered":"Pastelera en frio LEDEVIT  250 grs"},"content":{"rendered":"<p>Pastelera en frio LEDEVIT  250 grs<\/p>\n","protected":false},"excerpt":{"rendered":"<h4 class=\"prod-desc\">Polvo para preparar crema pastelera en fr\u00edo del tipo artesanal. De gran sabor y textura. \u00d3ptimo comportamiento en el horno y en fr\u00edo para rellenos de facturas y tartas.<\/h4>\n<p>Esta crema pastelera fue desarrollada para uso directo ya que no necesita cocci\u00f3n en su preparaci\u00f3n. De exquisito sabor y textura cumple con las expectativas y necesidades de la pasteler\u00eda en general. Su pr\u00e1ctica preparaci\u00f3n permite obtener en pocos minutos una deliciosa crema pastelera. Puede combinarse con otros ingredientes como dulce de leche, mermeladas o chocolate. Se puede utilizar como relleno de tartas, tortas o masas finas. As\u00ed como tambi\u00e9n en piezas horneables como roscas y facturas.<\/p>\n","protected":false},"featured_media":2261,"template":"","meta":[],"product_brand":[],"product_cat":[50],"product_tag":[],"class_list":{"0":"post-236","1":"product","2":"type-product","3":"status-publish","4":"has-post-thumbnail","6":"product_cat-reposteria","7":"pa_marca-ledevit-srl","9":"first","10":"instock","11":"shipping-taxable","12":"product-type-simple"},"jetpack_sharing_enabled":true,"_links":{"self":[{"href":"https:\/\/emehermanos.com.ar\/tienda\/wp-json\/wp\/v2\/product\/236","targetHints":{"allow":["GET"]}}],"collection":[{"href":"https:\/\/emehermanos.com.ar\/tienda\/wp-json\/wp\/v2\/product"}],"about":[{"href":"https:\/\/emehermanos.com.ar\/tienda\/wp-json\/wp\/v2\/types\/product"}],"wp:featuredmedia":[{"embeddable":true,"href":"https:\/\/emehermanos.com.ar\/tienda\/wp-json\/wp\/v2\/media\/2261"}],"wp:attachment":[{"href":"https:\/\/emehermanos.com.ar\/tienda\/wp-json\/wp\/v2\/media?parent=236"}],"wp:term":[{"taxonomy":"product_brand","embeddable":true,"href":"https:\/\/emehermanos.com.ar\/tienda\/wp-json\/wp\/v2\/product_brand?post=236"},{"taxonomy":"product_cat","embeddable":true,"href":"https:\/\/emehermanos.com.ar\/tienda\/wp-json\/wp\/v2\/product_cat?post=236"},{"taxonomy":"product_tag","embeddable":true,"href":"https:\/\/emehermanos.com.ar\/tienda\/wp-json\/wp\/v2\/product_tag?post=236"}],"curies":[{"name":"wp","href":"https:\/\/api.w.org\/{rel}","templated":true}]}}