{"id":1592,"date":"2020-09-29T09:14:17","date_gmt":"2020-09-29T12:14:17","guid":{"rendered":"https:\/\/emehermanos.com.ar\/tienda\/product\/merengue-ledevit-x-250-kg\/"},"modified":"2024-01-26T11:02:50","modified_gmt":"2024-01-26T14:02:50","slug":"merengue-ledevit-x-250-kg","status":"publish","type":"product","link":"https:\/\/emehermanos.com.ar\/tienda\/product\/merengue-ledevit-x-250-kg\/","title":{"rendered":"Merengue LEDEVIT  250 grs"},"content":{"rendered":"<p>Merengue LEDEVIT  250 grs<\/p>\n","protected":false},"excerpt":{"rendered":"<h4 class=\"prod-desc\">Polvo instant\u00e1neo para preparar merengue de buen volumen, estructura, excelente consistencia y brillo.<\/h4>\n<p>Nuestro Merengue en polvo simplifica mucho el trabajo en la cocina. Es f\u00e1cil de preparar y r\u00e1pido de utilizar. En pocos minutos y tan solo con un poco de agua se pueden decorar tortas y postres. Tambi\u00e9n se puede realizar merenguitos secos para rellenar y decorar.<\/p>\n","protected":false},"featured_media":1945,"template":"","meta":[],"product_brand":[],"product_cat":[50],"product_tag":[],"class_list":{"0":"post-1592","1":"product","2":"type-product","3":"status-publish","4":"has-post-thumbnail","6":"product_cat-reposteria","7":"pa_marca-ledevit-srl","9":"first","10":"instock","11":"shipping-taxable","12":"product-type-simple"},"jetpack_sharing_enabled":true,"_links":{"self":[{"href":"https:\/\/emehermanos.com.ar\/tienda\/wp-json\/wp\/v2\/product\/1592","targetHints":{"allow":["GET"]}}],"collection":[{"href":"https:\/\/emehermanos.com.ar\/tienda\/wp-json\/wp\/v2\/product"}],"about":[{"href":"https:\/\/emehermanos.com.ar\/tienda\/wp-json\/wp\/v2\/types\/product"}],"wp:featuredmedia":[{"embeddable":true,"href":"https:\/\/emehermanos.com.ar\/tienda\/wp-json\/wp\/v2\/media\/1945"}],"wp:attachment":[{"href":"https:\/\/emehermanos.com.ar\/tienda\/wp-json\/wp\/v2\/media?parent=1592"}],"wp:term":[{"taxonomy":"product_brand","embeddable":true,"href":"https:\/\/emehermanos.com.ar\/tienda\/wp-json\/wp\/v2\/product_brand?post=1592"},{"taxonomy":"product_cat","embeddable":true,"href":"https:\/\/emehermanos.com.ar\/tienda\/wp-json\/wp\/v2\/product_cat?post=1592"},{"taxonomy":"product_tag","embeddable":true,"href":"https:\/\/emehermanos.com.ar\/tienda\/wp-json\/wp\/v2\/product_tag?post=1592"}],"curies":[{"name":"wp","href":"https:\/\/api.w.org\/{rel}","templated":true}]}}