{"id":1582,"date":"2020-09-29T09:14:13","date_gmt":"2020-09-29T12:14:13","guid":{"rendered":"https:\/\/emehermanos.com.ar\/tienda\/product\/budin-chocolate-ledevit-x-500-grs\/"},"modified":"2023-03-21T13:06:51","modified_gmt":"2023-03-21T16:06:51","slug":"budin-chocolate-ledevit-x-500-grs","status":"publish","type":"product","link":"https:\/\/emehermanos.com.ar\/tienda\/product\/budin-chocolate-ledevit-x-500-grs\/","title":{"rendered":"Budin de Chocolate LEDEVIT  500 grs"},"content":{"rendered":"<p>Budin de Chocolate LEDEVIT  500 grs<\/p>\n","protected":false},"excerpt":{"rendered":"<h4 class=\"prod-desc\">L\u00ednea de Pasteler\u00eda Horneable de Ledevit<\/h4>\n<p>La premezcla para preparar bud\u00edn forma parte de la nueva L\u00ednea de Pasteler\u00eda Horneable de Ledevit que permite elaborar muy ricos budines sabores vainilla y chocolate. De suave textura y h\u00famedo en su interior. La L\u00ednea de Pasteler\u00eda Horneable de Ledevit es rica, f\u00e1cil y adem\u00e1s es sin gluten. \u00a1Para compartir entre todos!<\/p>\n","protected":false},"featured_media":1784,"template":"","meta":[],"product_brand":[],"product_cat":[50],"product_tag":[],"class_list":{"0":"post-1582","1":"product","2":"type-product","3":"status-publish","4":"has-post-thumbnail","6":"product_cat-reposteria","7":"pa_marca-ledevit-srl","9":"first","10":"instock","11":"shipping-taxable","12":"product-type-simple"},"jetpack_sharing_enabled":true,"_links":{"self":[{"href":"https:\/\/emehermanos.com.ar\/tienda\/wp-json\/wp\/v2\/product\/1582","targetHints":{"allow":["GET"]}}],"collection":[{"href":"https:\/\/emehermanos.com.ar\/tienda\/wp-json\/wp\/v2\/product"}],"about":[{"href":"https:\/\/emehermanos.com.ar\/tienda\/wp-json\/wp\/v2\/types\/product"}],"wp:featuredmedia":[{"embeddable":true,"href":"https:\/\/emehermanos.com.ar\/tienda\/wp-json\/wp\/v2\/media\/1784"}],"wp:attachment":[{"href":"https:\/\/emehermanos.com.ar\/tienda\/wp-json\/wp\/v2\/media?parent=1582"}],"wp:term":[{"taxonomy":"product_brand","embeddable":true,"href":"https:\/\/emehermanos.com.ar\/tienda\/wp-json\/wp\/v2\/product_brand?post=1582"},{"taxonomy":"product_cat","embeddable":true,"href":"https:\/\/emehermanos.com.ar\/tienda\/wp-json\/wp\/v2\/product_cat?post=1582"},{"taxonomy":"product_tag","embeddable":true,"href":"https:\/\/emehermanos.com.ar\/tienda\/wp-json\/wp\/v2\/product_tag?post=1582"}],"curies":[{"name":"wp","href":"https:\/\/api.w.org\/{rel}","templated":true}]}}